24?
True
Does 45 divide 1187617?
False
Is 10 a factor of 401421?
False
Is 9 a factor of 354303?
True
Does 1115 divide 1844210?
True
Is 1536048 a multiple of 18?
True
Does 283 divide 230645?
True
Does 21 divide 883076?
False
Is 1104 a factor of 1905661?
False
Does 7 divide 24724?
True
Is 5980991 a multiple of 46?
False
Is 679626 a multiple of 17?
True
Is 74669 a multiple of 45?
False
Does 246 divide 4775623?
False
Is 319174 a multiple of 58?
True
Is 1782573 a multiple of 73?
False
Is 190344 a multiple of 132?
True
Is 231 a factor of 238052?
False
Is 82 a factor of 113652?
True
Is 24 a factor of 901440?
True
Does 45 divide 2655553?
False
Does 20 divide 96660?
True
Does 262 divide 584522?
True
Does 49 divide 322616?
True
Does 198 divide 1934109?
False
Is 1783262 a multiple of 641?
True
Is 334496 a multiple of 32?
True
Does 22 divide 822844?
True
Is 178 a factor of 104657?
False
Is 36 a factor of 4758516?
True
Does 418 divide 272093?
False
Is 7 a factor of 258856?
False
Is 838771 a multiple of 68?
False
Is 75346 a multiple of 149?
False
Is 421922 a multiple of 13?
False
Is 250 a factor of 2892250?
True
Is 15800 a multiple of 4?
True
Is 295178 a multiple of 13?
True
Is 7818476 a multiple of 27?
False
Is 521749 a multiple of 203?
False
Is 290740 a multiple of 68?
False
Does 2 divide 44607?
False
Is 49938 a multiple of 87?
True
Is 62942 a multiple of 129?
False
Is 13 a factor of 634205?
True
Is 916 a factor of 1492582?
False
Is 378 a factor of 1313172?
True
Is 113674 a multiple of 11?
True
Does 91 divide 52704?
False
Does 16 divide 294272?
True
Is 80 a factor of 188254?
False
Does 821 divide 67829?
False
Does 44 divide 1477608?
True
Is 78 a factor of 6786?
True
Is 331 a factor of 199593?
True
Is 78 a multiple of 13?
True
Is 381472 a multiple of 9?
False
Is 142 a factor of 37914?
True
Does 9 divide 122400?
True
Does 1873 divide 11183683?
True
Is 507492 a multiple of 508?
True
Is 488523 a multiple of 43?
True
Does 83 divide 224786?
False
Is 7273703 a multiple of 1150?
False
Is 3948 a multiple of 47?
True
Is 92 a factor of 3332215?
False
Does 22 divide 2407707?
False
Does 188 divide 1353036?
True
Is 402798 a multiple of 22?
True
Is 18201696 a multiple of 34?
True
Does 196 divide 105252?
True
Does 14 divide 330538?
False
Does 120 divide 3479458?
False
Does 7 divide 1104453?
True
Does 182 divide 6765?
False
Does 144 divide 4297837?
False
Is 18 a factor of 2577888?
True
Does 251 divide 3305670?
True
Does 727 divide 5828466?
False
Does 32 divide 245229?
False
Is 22 a factor of 402688?
True
Is 4 a factor of 43480?
True
Is 1287 a factor of 14622713?
False
Is 1415347 a multiple of 4?
False
Does 30 divide 453450?
True
Is 32 a factor of 1234677?
False
Is 4288648 a multiple of 301?
True
Is 24 a factor of 30860736?
True
Is 583128 a multiple of 60?
False
Does 828 divide 3625812?
True
Is 3 a factor of 6930?
True
Is 74 a factor of 93388?
True
Does 337 divide 575343?
False
Is 384498 a multiple of 283?
False
Is 721231 a multiple of 49?
True
Is 3 a factor of 1328724?
True
Is 187 a factor of 4298008?
True
Does 65 divide 4060099?
False
Is 996941 a multiple of 11?
True
Is 304282 a multiple of 22?
True
Does 8 divide 6652921?
False
Is 10 a factor of 20376498?
False
Is 15357039 a multiple of 89?
True
Is 458 a factor of 9903707?
False
Is 26 a factor of 221948?
False
Is 47 a factor of 410310?
True
Is 8 a factor of 1321002?
False
Is 3641999 a multiple of 65?
False
Is 20 a factor of 226226?
False
Is 4 a factor of 101330?
False
Is 347168 a multiple of 152?
True
Is 23 a factor of 120842?
True
Is 273636 a multiple of 51?
False
Is 176 a factor of 99088?
True
Does 313 divide 315578?
False
Does 14 divide 7002688?
True
Is 8 a factor of 904493?
False
Does 32 divide 4106123?
False
Does 29 divide 59316?
False
Is 61643 a multiple of 102?
False
Does 12 divide 532281?
False
Is 1323032 a multiple of 129?
False
Is 20758 a multiple of 5?
False
Is 320 a factor of 273302?
False
Is 683012 a multiple of 473?
True
Is 16 a factor of 4011872?
True
Is 427 a factor of 68747?
True
Is 116 a factor of 45304?
False
Does 17 divide 7948233?
False
Is 3 a factor of 103681?
False
Is 1536308 a multiple of 6?
False
Is 13573560 a multiple of 1430?
True
Does 14 divide 3851591?
False
Is 4754476 a multiple of 27?
False
Does 295 divide 7571765?
True
Is 36687 a multiple of 26?
False
Does 124 divide 1805791?
False
Is 402417 a multiple of 8?
False
Is 287892 a multiple of 198?
True
Is 241 a factor of 242687?
True
Is 6 a factor of 1151952?
True
Is 34830 a multiple of 5?
True
Is 182 a factor of 660114?
True
Is 49 a factor of 83692?
True
Is 139516 a multiple of 2?
True
Does 931 divide 3293896?
False
Is 50 a factor of 206000?
True
Does 11 divide 1791235?
False
Does 8 divide 577811?
False
Does 11 divide 1231604?
True
Is 6 a factor of 62649?
False
Does 150 divide 5237100?
True
Does 12 divide 1574503?
False
Is 11495545 a multiple of 1833?
False
Is 33661 a multiple of 20?
False
Is 1819293 a multiple of 686?
False
Is 12035802 a multiple of 73?
True
Is 16691702 a multiple of 633?
False
Does 25 divide 315700?
True
Is 4998109 a multiple of 48?
False
Is 9 a factor of 1150794?
True
Is 40 a factor of 20215800?
True
Is 25 a factor of 105475?
True
Does 8 divide 791096?
True
Is 4600348 a multiple of 1111?
False
Is 10 a factor of 5127953?
False
Is 14784345 a multiple of 261?
True
Is 358 a factor of 3580358?
True
Does 6 divide 21438?
True
Is 89 a factor of 4957033?
True
Is 68 a factor of 536669?
False
Is 79 a factor of 153386?
False
Is 26761 a multiple of 9?
False
Is 379440 a multiple of 153?
True
Is 96 a factor of 11616?
True
Is 504597 a multiple of 16?
False
Does 758 divide 5600104?
True
Does 11 divide 168735?
False
Does 4 divide 517932?
True
Is 41 a factor of 231912?
False
Does 92 divide 41732?
False
Is 811434 a multiple of 334?
False
Does 8 divide 2839176?
True
Is 58361 a multiple of 12?
False
Is 323628 a multiple of 53?
False
Is 3 a factor of 27750?
True
Does 5 divide 1662955?
True
Does 30 divide 799350?
True
Is 370319 a multiple of 160?
False
Is 35453 a multiple of 121?
True
Is 64032 a multiple of 87?
True
Does 167 divide 11153804?
False
Is 1144369 a multiple of 132?
False
Is 96 a factor of 4227305?
False
Is 13558 a multiple of 47?
False
Is 1729559 a multiple of 571?
True
Is 545 a factor of 790250?
True
Is 205 a factor of 210125?
True
Is 74 a factor of 699350?
False
Is 239 a factor of 1270763?
True
Is 27 a factor of 12215367?
True
Is 402328 a multiple of 5?
False
Is 7 a factor of 46533?
False
Is 35280 a multiple of 8?
True
Is 19500 a multiple of 3?
True
Does 17 divide 4742300?
False
Is 7014446 a multiple of 30?
False
Is 72349 a multiple of 3?
False
Is 2014079 a multiple of 349?
True
Is 968743 a multiple of 559?
False
Does 509 divide 1092421?
False
Does 581 divide 21497?
True
Is 13 a factor of 150025?
False
Is 694993 a multiple of 31?
False
Is 229 a factor of 22178?
False
Does 310 divide 175626?
False
Does 8 divide 247752?
True
Does 37 divide 139268?
True
Does 7 divide 402416?
True
Is 7610465 a multiple of 14?
False
Is 69827 a multiple of 138?
False
Is 383172 a multiple of 222?
True
Does 11 divide 91781?
False
Is 555588 a multiple of 198?
True
Is 753 a factor of 1766538?
True
Does 156 divide 2440632?
False
Is 1123 a factor of 651340?
True
Is 62 a factor of 5621644?
False
Is 413 a factor of 629825?
True
Is 71645 a multiple of 23?
True
Does 309 divide 465429?
False
Is 429565 a multiple of 11?
False
Is 1452087 a multiple of 273?
True
Is 987 a factor of 1036237?
False
Is 473 a factor of 2077416?
True
Does 17 divide 203935?
False
Does 14 divide 59735?
False
Does 259 divide 6153819?
False
Is 61704 a multiple of 36?
True
Does 5 divide 14040?
True
Is 10 a factor of 580093?
False
Is 20 a factor of 7025?
False
Does 49 divide 250243?
True
Is 469224 a multiple of 36?
True
Does 137 divide 2138159?
True
Is 82 a factor of 64389?
False
Is 14587602 a multiple of 1515?
False
Is 589922 a multiple of 13?
False
Is 803358 a multiple of 1102?
True
Is 11393082 a multiple of 402?
True
Is 7 a factor of 7396319?
True
Does 2 divide 78986?
True
Does 25 divide 8654371?
False
Is 39 a factor of 389832?
False
Is 3611224 a multiple of 510?
False
Is 187 a factor of 604100?
False
Does 179 divide 2313391?
False
Is 482016 a multiple of 32?
True
Does 10 divide 2910230?
Tr